{"id":82,"date":"2017-11-15T15:15:34","date_gmt":"2017-11-15T14:15:34","guid":{"rendered":"http:\/\/wbs2000.de\/architekt-4\/?page_id=82"},"modified":"2017-11-15T15:15:34","modified_gmt":"2017-11-15T14:15:34","slug":"mysql","status":"publish","type":"page","link":"https:\/\/wbs2000.de\/architekt-4\/mysql\/","title":{"rendered":"Mysql"},"content":{"rendered":"<p><img loading=\"lazy\" class=\"alignleft size-medium wp-image-84\" src=\"https:\/\/wbs2000.de\/architekt-4\/wp-content\/uploads\/2017\/11\/mysql-300x300.jpg\" alt=\"MySQL\" width=\"300\" height=\"300\" srcset=\"https:\/\/wbs2000.de\/architekt-4\/wp-content\/uploads\/2017\/11\/mysql-300x300.jpg 300w, https:\/\/wbs2000.de\/architekt-4\/wp-content\/uploads\/2017\/11\/mysql-150x150.jpg 150w, https:\/\/wbs2000.de\/architekt-4\/wp-content\/uploads\/2017\/11\/mysql.jpg 500w\" sizes=\"(max-width: 300px) 100vw, 300px\" \/>MySQL ist eine der meist verwendeten Datenbanken im Internet. Sie ist eine schnelle und zuverl\u00e4ssige Datenbank. Mit ihr k\u00f6nnen auch gro\u00dfe Datenmengen problemlos verarbeitet und verwaltet werden. Die Daten werden von MySQL so gespeichert, dass m\u00f6glichst wenig Speicherplatz ben\u00f6tigt wird.<\/p>\n<p>MySQL wird heute von den meisten Internetprovidern als Datenbank auf ihren Servern angeboten. Viele Programme wie beispielsweise Content Management Systeme oder Newsletter-Anwendungen greifen zur Speicherung und Handhabung ihrer Daten auf MySQL zur\u00fcck.<\/p>\n<p>Auch WordPress nutzt MySQL als Datenbank, um die verschiedenen Daten der Website zu speichern. Zu den gespeicherten Daten geh\u00f6ren sowohl alle Benutzerinformationen als auch die Beitr\u00e4ge und Seiten Ihrer Website. Die Bilder Ihrer Website werden allerdings nicht in der Datenbank gespeichert.<\/p>\n","protected":false},"excerpt":{"rendered":"<p>MySQL ist eine der meist verwendeten Datenbanken im Internet. Sie ist eine schnelle und zuverl\u00e4ssige Datenbank. Mit ihr k\u00f6nnen auch gro\u00dfe Datenmengen problemlos verarbeitet und verwaltet werden. Die Daten werden von MySQL so gespeichert, dass m\u00f6glichst wenig Speicherplatz ben\u00f6tigt wird. MySQL wird heute von den meisten Internetprovidern als Datenbank auf ihren Servern angeboten. Viele Programme wie beispielsweise Content Management Systeme oder Newsletter-Anwendungen greifen zur Speicherung und Handhabung ihrer Daten auf MySQL zur\u00fcck. Auch WordPress nutzt MySQL als Datenbank, um die verschiedenen Daten der Website zu speichern. Zu den gespeicherten Daten geh\u00f6ren sowohl alle Benutzerinformationen als auch die Beitr\u00e4ge und Seiten Ihrer Website. Die Bilder Ihrer Website werden allerdings nicht in der Datenbank gespeichert.<\/p>\n","protected":false},"author":1,"featured_media":0,"parent":0,"menu_order":0,"comment_status":"closed","ping_status":"closed","template":"","meta":[],"yoast_head":"<!-- This site is optimized with the Yoast SEO plugin v19.7.2 - https:\/\/yoast.com\/wordpress\/plugins\/seo\/ -->\n<title>Mysql - Architekt 4<\/title>\n<meta name=\"robots\" content=\"index, follow, max-snippet:-1, max-image-preview:large, max-video-preview:-1\" \/>\n<link rel=\"canonical\" href=\"https:\/\/wbs2000.de\/architekt-4\/mysql\/\" \/>\n<meta property=\"og:locale\" content=\"de_DE\" \/>\n<meta property=\"og:type\" content=\"article\" \/>\n<meta property=\"og:title\" content=\"Mysql - Architekt 4\" \/>\n<meta property=\"og:description\" content=\"MySQL ist eine der meist verwendeten Datenbanken im Internet. Sie ist eine schnelle und zuverl\u00e4ssige Datenbank. Mit ihr k\u00f6nnen auch gro\u00dfe Datenmengen problemlos verarbeitet und verwaltet werden. Die Daten werden von MySQL so gespeichert, dass m\u00f6glichst wenig Speicherplatz ben\u00f6tigt wird. MySQL wird heute von den meisten Internetprovidern als Datenbank auf ihren Servern angeboten. Viele Programme wie beispielsweise Content Management Systeme oder Newsletter-Anwendungen greifen zur Speicherung und Handhabung ihrer Daten auf MySQL zur\u00fcck. Auch WordPress nutzt MySQL als Datenbank, um die verschiedenen Daten der Website zu speichern. Zu den gespeicherten Daten geh\u00f6ren sowohl alle Benutzerinformationen als auch die Beitr\u00e4ge und Seiten Ihrer Website. Die Bilder Ihrer Website werden allerdings nicht in der Datenbank gespeichert.\" \/>\n<meta property=\"og:url\" content=\"https:\/\/wbs2000.de\/architekt-4\/mysql\/\" \/>\n<meta property=\"og:site_name\" content=\"Architekt 4\" \/>\n<meta property=\"og:image\" content=\"https:\/\/wbs2000.de\/architekt-4\/wp-content\/uploads\/2017\/11\/mysql-300x300.jpg\" \/>\n<meta name=\"twitter:card\" content=\"summary\" \/>\n<meta name=\"twitter:label1\" content=\"Gesch\u00e4tzte Lesezeit\" \/>\n\t<meta name=\"twitter:data1\" content=\"1\u00a0Minute\" \/>\n<script type=\"application\/ld+json\" class=\"yoast-schema-graph\">{\"@context\":\"https:\/\/schema.org\",\"@graph\":[{\"@type\":\"WebPage\",\"@id\":\"https:\/\/wbs2000.de\/architekt-4\/mysql\/\",\"url\":\"https:\/\/wbs2000.de\/architekt-4\/mysql\/\",\"name\":\"Mysql - Architekt 4\",\"isPartOf\":{\"@id\":\"https:\/\/wbs2000.de\/architekt-4\/#website\"},\"datePublished\":\"2017-11-15T14:15:34+00:00\",\"dateModified\":\"2017-11-15T14:15:34+00:00\",\"breadcrumb\":{\"@id\":\"https:\/\/wbs2000.de\/architekt-4\/mysql\/#breadcrumb\"},\"inLanguage\":\"de\",\"potentialAction\":[{\"@type\":\"ReadAction\",\"target\":[\"https:\/\/wbs2000.de\/architekt-4\/mysql\/\"]}]},{\"@type\":\"BreadcrumbList\",\"@id\":\"https:\/\/wbs2000.de\/architekt-4\/mysql\/#breadcrumb\",\"itemListElement\":[{\"@type\":\"ListItem\",\"position\":1,\"name\":\"Startseite\",\"item\":\"https:\/\/wbs2000.de\/architekt-4\/\"},{\"@type\":\"ListItem\",\"position\":2,\"name\":\"Mysql\"}]},{\"@type\":\"WebSite\",\"@id\":\"https:\/\/wbs2000.de\/architekt-4\/#website\",\"url\":\"https:\/\/wbs2000.de\/architekt-4\/\",\"name\":\"Architekt 4\",\"description\":\"Website Vorlage - Architekt 4\",\"publisher\":{\"@id\":\"https:\/\/wbs2000.de\/architekt-4\/#organization\"},\"potentialAction\":[{\"@type\":\"SearchAction\",\"target\":{\"@type\":\"EntryPoint\",\"urlTemplate\":\"https:\/\/wbs2000.de\/architekt-4\/?s={search_term_string}\"},\"query-input\":\"required name=search_term_string\"}],\"inLanguage\":\"de\"},{\"@type\":\"Organization\",\"@id\":\"https:\/\/wbs2000.de\/architekt-4\/#organization\",\"name\":\"WBS\",\"url\":\"https:\/\/wbs2000.de\/architekt-4\/\",\"sameAs\":[],\"logo\":{\"@type\":\"ImageObject\",\"inLanguage\":\"de\",\"@id\":\"https:\/\/wbs2000.de\/architekt-4\/#\/schema\/logo\/image\/\",\"url\":\"https:\/\/wbs2000.de\/architekt-4\/wp-content\/uploads\/2017\/11\/logo-250.jpg\",\"contentUrl\":\"https:\/\/wbs2000.de\/architekt-4\/wp-content\/uploads\/2017\/11\/logo-250.jpg\",\"width\":250,\"height\":60,\"caption\":\"WBS\"},\"image\":{\"@id\":\"https:\/\/wbs2000.de\/architekt-4\/#\/schema\/logo\/image\/\"}}]}<\/script>\n<!-- \/ Yoast SEO plugin. -->","yoast_head_json":{"title":"Mysql - Architekt 4","robots":{"index":"index","follow":"follow","max-snippet":"max-snippet:-1","max-image-preview":"max-image-preview:large","max-video-preview":"max-video-preview:-1"},"canonical":"https:\/\/wbs2000.de\/architekt-4\/mysql\/","og_locale":"de_DE","og_type":"article","og_title":"Mysql - Architekt 4","og_description":"MySQL ist eine der meist verwendeten Datenbanken im Internet. Sie ist eine schnelle und zuverl\u00e4ssige Datenbank. Mit ihr k\u00f6nnen auch gro\u00dfe Datenmengen problemlos verarbeitet und verwaltet werden. Die Daten werden von MySQL so gespeichert, dass m\u00f6glichst wenig Speicherplatz ben\u00f6tigt wird. MySQL wird heute von den meisten Internetprovidern als Datenbank auf ihren Servern angeboten. Viele Programme wie beispielsweise Content Management Systeme oder Newsletter-Anwendungen greifen zur Speicherung und Handhabung ihrer Daten auf MySQL zur\u00fcck. Auch WordPress nutzt MySQL als Datenbank, um die verschiedenen Daten der Website zu speichern. Zu den gespeicherten Daten geh\u00f6ren sowohl alle Benutzerinformationen als auch die Beitr\u00e4ge und Seiten Ihrer Website. Die Bilder Ihrer Website werden allerdings nicht in der Datenbank gespeichert.","og_url":"https:\/\/wbs2000.de\/architekt-4\/mysql\/","og_site_name":"Architekt 4","og_image":[{"url":"https:\/\/wbs2000.de\/architekt-4\/wp-content\/uploads\/2017\/11\/mysql-300x300.jpg"}],"twitter_card":"summary","twitter_misc":{"Gesch\u00e4tzte Lesezeit":"1\u00a0Minute"},"schema":{"@context":"https:\/\/schema.org","@graph":[{"@type":"WebPage","@id":"https:\/\/wbs2000.de\/architekt-4\/mysql\/","url":"https:\/\/wbs2000.de\/architekt-4\/mysql\/","name":"Mysql - Architekt 4","isPartOf":{"@id":"https:\/\/wbs2000.de\/architekt-4\/#website"},"datePublished":"2017-11-15T14:15:34+00:00","dateModified":"2017-11-15T14:15:34+00:00","breadcrumb":{"@id":"https:\/\/wbs2000.de\/architekt-4\/mysql\/#breadcrumb"},"inLanguage":"de","potentialAction":[{"@type":"ReadAction","target":["https:\/\/wbs2000.de\/architekt-4\/mysql\/"]}]},{"@type":"BreadcrumbList","@id":"https:\/\/wbs2000.de\/architekt-4\/mysql\/#breadcrumb","itemListElement":[{"@type":"ListItem","position":1,"name":"Startseite","item":"https:\/\/wbs2000.de\/architekt-4\/"},{"@type":"ListItem","position":2,"name":"Mysql"}]},{"@type":"WebSite","@id":"https:\/\/wbs2000.de\/architekt-4\/#website","url":"https:\/\/wbs2000.de\/architekt-4\/","name":"Architekt 4","description":"Website Vorlage - Architekt 4","publisher":{"@id":"https:\/\/wbs2000.de\/architekt-4\/#organization"},"potentialAction":[{"@type":"SearchAction","target":{"@type":"EntryPoint","urlTemplate":"https:\/\/wbs2000.de\/architekt-4\/?s={search_term_string}"},"query-input":"required name=search_term_string"}],"inLanguage":"de"},{"@type":"Organization","@id":"https:\/\/wbs2000.de\/architekt-4\/#organization","name":"WBS","url":"https:\/\/wbs2000.de\/architekt-4\/","sameAs":[],"logo":{"@type":"ImageObject","inLanguage":"de","@id":"https:\/\/wbs2000.de\/architekt-4\/#\/schema\/logo\/image\/","url":"https:\/\/wbs2000.de\/architekt-4\/wp-content\/uploads\/2017\/11\/logo-250.jpg","contentUrl":"https:\/\/wbs2000.de\/architekt-4\/wp-content\/uploads\/2017\/11\/logo-250.jpg","width":250,"height":60,"caption":"WBS"},"image":{"@id":"https:\/\/wbs2000.de\/architekt-4\/#\/schema\/logo\/image\/"}}]}},"_links":{"self":[{"href":"https:\/\/wbs2000.de\/architekt-4\/wp-json\/wp\/v2\/pages\/82"}],"collection":[{"href":"https:\/\/wbs2000.de\/architekt-4\/wp-json\/wp\/v2\/pages"}],"about":[{"href":"https:\/\/wbs2000.de\/architekt-4\/wp-json\/wp\/v2\/types\/page"}],"author":[{"embeddable":true,"href":"https:\/\/wbs2000.de\/architekt-4\/wp-json\/wp\/v2\/users\/1"}],"replies":[{"embeddable":true,"href":"https:\/\/wbs2000.de\/architekt-4\/wp-json\/wp\/v2\/comments?post=82"}],"version-history":[{"count":1,"href":"https:\/\/wbs2000.de\/architekt-4\/wp-json\/wp\/v2\/pages\/82\/revisions"}],"predecessor-version":[{"id":85,"href":"https:\/\/wbs2000.de\/architekt-4\/wp-json\/wp\/v2\/pages\/82\/revisions\/85"}],"wp:attachment":[{"href":"https:\/\/wbs2000.de\/architekt-4\/wp-json\/wp\/v2\/media?parent=82"}],"curies":[{"name":"wp","href":"https:\/\/api.w.org\/{rel}","templated":true}]}}