{"id":78,"date":"2017-11-14T17:28:32","date_gmt":"2017-11-14T16:28:32","guid":{"rendered":"http:\/\/wbs2000.de\/architekt-4\/?page_id=78"},"modified":"2017-11-17T16:39:44","modified_gmt":"2017-11-17T15:39:44","slug":"modern-zeitlos-responsive","status":"publish","type":"page","link":"https:\/\/wbs2000.de\/architekt-4\/modern-zeitlos-responsive\/","title":{"rendered":"Modern Zeitlos &#038; Responsive"},"content":{"rendered":"<p><img loading=\"lazy\" class=\"alignleft size-medium wp-image-13\" src=\"https:\/\/wbs2000.de\/architekt-4\/wp-content\/uploads\/2017\/11\/architekt-4-300x152.jpg\" alt=\"Architekt 4\" width=\"300\" height=\"152\" srcset=\"https:\/\/wbs2000.de\/architekt-4\/wp-content\/uploads\/2017\/11\/architekt-4-300x152.jpg 300w, https:\/\/wbs2000.de\/architekt-4\/wp-content\/uploads\/2017\/11\/architekt-4.jpg 500w\" sizes=\"(max-width: 300px) 100vw, 300px\" \/>Die Vorlage &#8220; Archtekt 4&#8243; zeigt wie ich Ihre Firmen-Website gestalten k\u00f6nnte.<\/p>\n<p>Das Responsive Design bietet attraktive Ansichten f\u00fcr alle Bildschirmgr\u00f6\u00dfen &#8211; von Smartphones, Tablets und Laptops bis zu sehr gro\u00dfen PC-Monitoren.<\/p>\n<p>&nbsp;<\/p>\n<p>Mit diesem modernen und zeitlos sch\u00f6nem Design m\u00f6chte ich Ihrem Unternehmen im Internet noch mehr Ausdruck und Charakter geben und die Besucher Ihrer Webseite von Ihrem Angebot \u00fcberzeugen.<\/p>\n<p>Diese Vorlage ist f\u00fcr Technisch- und Design-orientierten Unternehmen wie Software-Hersteller, IT-Unternehmen, Architekten und Ingenieure, aber auch f\u00fcr Unternehmen aus der Automobil- oder Einrichtungsbranche hervorragend geeignet.<\/p>\n<p>Dieses design kann selbstverst\u00e4ndlich auch das bestehende Corporate Design Ihres Unternehmens angepasst werden.<\/p>\n","protected":false},"excerpt":{"rendered":"<p>Die Vorlage &#8220; Archtekt 4&#8243; zeigt wie ich Ihre Firmen-Website gestalten k\u00f6nnte. Das Responsive Design bietet attraktive Ansichten f\u00fcr alle Bildschirmgr\u00f6\u00dfen &#8211; von Smartphones, Tablets und Laptops bis zu sehr gro\u00dfen PC-Monitoren. &nbsp; Mit diesem modernen und zeitlos sch\u00f6nem Design m\u00f6chte ich Ihrem Unternehmen im Internet noch mehr Ausdruck und Charakter geben und die Besucher Ihrer Webseite von Ihrem Angebot \u00fcberzeugen. Diese Vorlage ist f\u00fcr Technisch- und Design-orientierten Unternehmen wie Software-Hersteller, IT-Unternehmen, Architekten und Ingenieure, aber auch f\u00fcr Unternehmen aus der Automobil- oder Einrichtungsbranche hervorragend geeignet. Dieses design kann selbstverst\u00e4ndlich auch das bestehende Corporate Design Ihres Unternehmens angepasst werden.<\/p>\n","protected":false},"author":1,"featured_media":0,"parent":0,"menu_order":0,"comment_status":"closed","ping_status":"closed","template":"","meta":[],"yoast_head":"<!-- This site is optimized with the Yoast SEO plugin v19.7.2 - https:\/\/yoast.com\/wordpress\/plugins\/seo\/ -->\n<title>Modern Zeitlos &amp; Responsive - Architekt 4<\/title>\n<meta name=\"robots\" content=\"index, follow, max-snippet:-1, max-image-preview:large, max-video-preview:-1\" \/>\n<link rel=\"canonical\" href=\"https:\/\/wbs2000.de\/architekt-4\/modern-zeitlos-responsive\/\" \/>\n<meta property=\"og:locale\" content=\"de_DE\" \/>\n<meta property=\"og:type\" content=\"article\" \/>\n<meta property=\"og:title\" content=\"Modern Zeitlos &amp; Responsive - Architekt 4\" \/>\n<meta property=\"og:description\" content=\"Die Vorlage &#8220; Archtekt 4&#8243; zeigt wie ich Ihre Firmen-Website gestalten k\u00f6nnte. Das Responsive Design bietet attraktive Ansichten f\u00fcr alle Bildschirmgr\u00f6\u00dfen &#8211; von Smartphones, Tablets und Laptops bis zu sehr gro\u00dfen PC-Monitoren. &nbsp; Mit diesem modernen und zeitlos sch\u00f6nem Design m\u00f6chte ich Ihrem Unternehmen im Internet noch mehr Ausdruck und Charakter geben und die Besucher Ihrer Webseite von Ihrem Angebot \u00fcberzeugen. Diese Vorlage ist f\u00fcr Technisch- und Design-orientierten Unternehmen wie Software-Hersteller, IT-Unternehmen, Architekten und Ingenieure, aber auch f\u00fcr Unternehmen aus der Automobil- oder Einrichtungsbranche hervorragend geeignet. Dieses design kann selbstverst\u00e4ndlich auch das bestehende Corporate Design Ihres Unternehmens angepasst werden.\" \/>\n<meta property=\"og:url\" content=\"https:\/\/wbs2000.de\/architekt-4\/modern-zeitlos-responsive\/\" \/>\n<meta property=\"og:site_name\" content=\"Architekt 4\" \/>\n<meta property=\"article:modified_time\" content=\"2017-11-17T15:39:44+00:00\" \/>\n<meta property=\"og:image\" content=\"https:\/\/wbs2000.de\/architekt-4\/wp-content\/uploads\/2017\/11\/architekt-4-300x152.jpg\" \/>\n<meta name=\"twitter:card\" content=\"summary\" \/>\n<meta name=\"twitter:label1\" content=\"Gesch\u00e4tzte Lesezeit\" \/>\n\t<meta name=\"twitter:data1\" content=\"1\u00a0Minute\" \/>\n<script type=\"application\/ld+json\" class=\"yoast-schema-graph\">{\"@context\":\"https:\/\/schema.org\",\"@graph\":[{\"@type\":\"WebPage\",\"@id\":\"https:\/\/wbs2000.de\/architekt-4\/modern-zeitlos-responsive\/\",\"url\":\"https:\/\/wbs2000.de\/architekt-4\/modern-zeitlos-responsive\/\",\"name\":\"Modern Zeitlos & Responsive - Architekt 4\",\"isPartOf\":{\"@id\":\"https:\/\/wbs2000.de\/architekt-4\/#website\"},\"datePublished\":\"2017-11-14T16:28:32+00:00\",\"dateModified\":\"2017-11-17T15:39:44+00:00\",\"breadcrumb\":{\"@id\":\"https:\/\/wbs2000.de\/architekt-4\/modern-zeitlos-responsive\/#breadcrumb\"},\"inLanguage\":\"de\",\"potentialAction\":[{\"@type\":\"ReadAction\",\"target\":[\"https:\/\/wbs2000.de\/architekt-4\/modern-zeitlos-responsive\/\"]}]},{\"@type\":\"BreadcrumbList\",\"@id\":\"https:\/\/wbs2000.de\/architekt-4\/modern-zeitlos-responsive\/#breadcrumb\",\"itemListElement\":[{\"@type\":\"ListItem\",\"position\":1,\"name\":\"Startseite\",\"item\":\"https:\/\/wbs2000.de\/architekt-4\/\"},{\"@type\":\"ListItem\",\"position\":2,\"name\":\"Modern Zeitlos &#038; Responsive\"}]},{\"@type\":\"WebSite\",\"@id\":\"https:\/\/wbs2000.de\/architekt-4\/#website\",\"url\":\"https:\/\/wbs2000.de\/architekt-4\/\",\"name\":\"Architekt 4\",\"description\":\"Website Vorlage - Architekt 4\",\"publisher\":{\"@id\":\"https:\/\/wbs2000.de\/architekt-4\/#organization\"},\"potentialAction\":[{\"@type\":\"SearchAction\",\"target\":{\"@type\":\"EntryPoint\",\"urlTemplate\":\"https:\/\/wbs2000.de\/architekt-4\/?s={search_term_string}\"},\"query-input\":\"required name=search_term_string\"}],\"inLanguage\":\"de\"},{\"@type\":\"Organization\",\"@id\":\"https:\/\/wbs2000.de\/architekt-4\/#organization\",\"name\":\"WBS\",\"url\":\"https:\/\/wbs2000.de\/architekt-4\/\",\"sameAs\":[],\"logo\":{\"@type\":\"ImageObject\",\"inLanguage\":\"de\",\"@id\":\"https:\/\/wbs2000.de\/architekt-4\/#\/schema\/logo\/image\/\",\"url\":\"https:\/\/wbs2000.de\/architekt-4\/wp-content\/uploads\/2017\/11\/logo-250.jpg\",\"contentUrl\":\"https:\/\/wbs2000.de\/architekt-4\/wp-content\/uploads\/2017\/11\/logo-250.jpg\",\"width\":250,\"height\":60,\"caption\":\"WBS\"},\"image\":{\"@id\":\"https:\/\/wbs2000.de\/architekt-4\/#\/schema\/logo\/image\/\"}}]}<\/script>\n<!-- \/ Yoast SEO plugin. -->","yoast_head_json":{"title":"Modern Zeitlos & Responsive - Architekt 4","robots":{"index":"index","follow":"follow","max-snippet":"max-snippet:-1","max-image-preview":"max-image-preview:large","max-video-preview":"max-video-preview:-1"},"canonical":"https:\/\/wbs2000.de\/architekt-4\/modern-zeitlos-responsive\/","og_locale":"de_DE","og_type":"article","og_title":"Modern Zeitlos & Responsive - Architekt 4","og_description":"Die Vorlage &#8220; Archtekt 4&#8243; zeigt wie ich Ihre Firmen-Website gestalten k\u00f6nnte. Das Responsive Design bietet attraktive Ansichten f\u00fcr alle Bildschirmgr\u00f6\u00dfen &#8211; von Smartphones, Tablets und Laptops bis zu sehr gro\u00dfen PC-Monitoren. &nbsp; Mit diesem modernen und zeitlos sch\u00f6nem Design m\u00f6chte ich Ihrem Unternehmen im Internet noch mehr Ausdruck und Charakter geben und die Besucher Ihrer Webseite von Ihrem Angebot \u00fcberzeugen. Diese Vorlage ist f\u00fcr Technisch- und Design-orientierten Unternehmen wie Software-Hersteller, IT-Unternehmen, Architekten und Ingenieure, aber auch f\u00fcr Unternehmen aus der Automobil- oder Einrichtungsbranche hervorragend geeignet. Dieses design kann selbstverst\u00e4ndlich auch das bestehende Corporate Design Ihres Unternehmens angepasst werden.","og_url":"https:\/\/wbs2000.de\/architekt-4\/modern-zeitlos-responsive\/","og_site_name":"Architekt 4","article_modified_time":"2017-11-17T15:39:44+00:00","og_image":[{"url":"https:\/\/wbs2000.de\/architekt-4\/wp-content\/uploads\/2017\/11\/architekt-4-300x152.jpg"}],"twitter_card":"summary","twitter_misc":{"Gesch\u00e4tzte Lesezeit":"1\u00a0Minute"},"schema":{"@context":"https:\/\/schema.org","@graph":[{"@type":"WebPage","@id":"https:\/\/wbs2000.de\/architekt-4\/modern-zeitlos-responsive\/","url":"https:\/\/wbs2000.de\/architekt-4\/modern-zeitlos-responsive\/","name":"Modern Zeitlos & Responsive - Architekt 4","isPartOf":{"@id":"https:\/\/wbs2000.de\/architekt-4\/#website"},"datePublished":"2017-11-14T16:28:32+00:00","dateModified":"2017-11-17T15:39:44+00:00","breadcrumb":{"@id":"https:\/\/wbs2000.de\/architekt-4\/modern-zeitlos-responsive\/#breadcrumb"},"inLanguage":"de","potentialAction":[{"@type":"ReadAction","target":["https:\/\/wbs2000.de\/architekt-4\/modern-zeitlos-responsive\/"]}]},{"@type":"BreadcrumbList","@id":"https:\/\/wbs2000.de\/architekt-4\/modern-zeitlos-responsive\/#breadcrumb","itemListElement":[{"@type":"ListItem","position":1,"name":"Startseite","item":"https:\/\/wbs2000.de\/architekt-4\/"},{"@type":"ListItem","position":2,"name":"Modern Zeitlos &#038; Responsive"}]},{"@type":"WebSite","@id":"https:\/\/wbs2000.de\/architekt-4\/#website","url":"https:\/\/wbs2000.de\/architekt-4\/","name":"Architekt 4","description":"Website Vorlage - Architekt 4","publisher":{"@id":"https:\/\/wbs2000.de\/architekt-4\/#organization"},"potentialAction":[{"@type":"SearchAction","target":{"@type":"EntryPoint","urlTemplate":"https:\/\/wbs2000.de\/architekt-4\/?s={search_term_string}"},"query-input":"required name=search_term_string"}],"inLanguage":"de"},{"@type":"Organization","@id":"https:\/\/wbs2000.de\/architekt-4\/#organization","name":"WBS","url":"https:\/\/wbs2000.de\/architekt-4\/","sameAs":[],"logo":{"@type":"ImageObject","inLanguage":"de","@id":"https:\/\/wbs2000.de\/architekt-4\/#\/schema\/logo\/image\/","url":"https:\/\/wbs2000.de\/architekt-4\/wp-content\/uploads\/2017\/11\/logo-250.jpg","contentUrl":"https:\/\/wbs2000.de\/architekt-4\/wp-content\/uploads\/2017\/11\/logo-250.jpg","width":250,"height":60,"caption":"WBS"},"image":{"@id":"https:\/\/wbs2000.de\/architekt-4\/#\/schema\/logo\/image\/"}}]}},"_links":{"self":[{"href":"https:\/\/wbs2000.de\/architekt-4\/wp-json\/wp\/v2\/pages\/78"}],"collection":[{"href":"https:\/\/wbs2000.de\/architekt-4\/wp-json\/wp\/v2\/pages"}],"about":[{"href":"https:\/\/wbs2000.de\/architekt-4\/wp-json\/wp\/v2\/types\/page"}],"author":[{"embeddable":true,"href":"https:\/\/wbs2000.de\/architekt-4\/wp-json\/wp\/v2\/users\/1"}],"replies":[{"embeddable":true,"href":"https:\/\/wbs2000.de\/architekt-4\/wp-json\/wp\/v2\/comments?post=78"}],"version-history":[{"count":8,"href":"https:\/\/wbs2000.de\/architekt-4\/wp-json\/wp\/v2\/pages\/78\/revisions"}],"predecessor-version":[{"id":118,"href":"https:\/\/wbs2000.de\/architekt-4\/wp-json\/wp\/v2\/pages\/78\/revisions\/118"}],"wp:attachment":[{"href":"https:\/\/wbs2000.de\/architekt-4\/wp-json\/wp\/v2\/media?parent=78"}],"curies":[{"name":"wp","href":"https:\/\/api.w.org\/{rel}","templated":true}]}}